 when 551839 is divided by 431?
159
What is the remainder when 1540872 is divided by 46690?
102
What is the remainder when 2428715009 is divided by 863?
862
Calculate the remainder when 103712776 is divided by 117.
115
What is the remainder when 252501 is divided by 279?
6
What is the remainder when 3522954 is divided by 1327?
1096
Calculate the remainder when 9330636 is divided by 44.
40
Calculate the remainder when 497940 is divided by 248396.
1148
What is the remainder when 31717 is divided by 31258?
459
What is the remainder when 40484046 is divided by 44?
42
What is the remainder when 3751767 is divided by 10750?
17
What is the remainder when 8775801 is divided by 15956?
1
What is the remainder when 3869956 is divided by 428?
408
Calculate the remainder when 290778 is divided by 58138.
88
Calculate the remainder when 146005 is divided by 441.
34
Calculate the remainder when 1292603 is divided by 10862.
25
Calculate the remainder when 57497 is divided by 11810.
10257
What is the remainder when 667179 is divided by 3908?
2819
What is the remainder when 242212 is divided by 26849?
571
Calculate the remainder when 4491424 is divided by 122.
116
Calculate the remainder when 359177 is divided by 10.
7
Calculate the remainder when 212045 is divided by 52761.
1001
What is the remainder when 1622546 is divided by 20031?
35
What is the remainder when 725804 is divided by 23042?
11502
Calculate the remainder when 8572372 is divided by 871.
861
What is the remainder when 150388 is divided by 2468?
2308
Calculate the remainder when 3928548 is divided by 835.
708
Calculate the remainder when 296151 is divided by 78.
63
Calculate the remainder when 73876 is divided by 18126.
1372
What is the remainder when 48309211 is divided by 19979?
19968
Calculate the remainder when 17609 is divided by 242.
185
What is the remainder when 82737 is divided by 153?
117
Calculate the remainder when 10246859 is divided by 234.
233
What is the remainder when 777306 is divided by 587?
118
What is the remainder when 2138188 is divided by 50?
38
What is the remainder when 3448500 is divided by 570?
0
Calculate the remainder when 2765906 is divided by 47.
3
Calculate the remainder when 9372843 is divided by 50.
43
What is the remainder when 124830573 is divided by 24?
21
What is the remainder when 191576 is divided by 6580?
756
Calculate the remainder when 2248518 is divided by 89919.
543
Calculate the remainder when 2963695 is divided by 19.
18
Calculate the remainder when 2951464 is divided by 1712.
1688
What is the remainder when 521440 is divided by 2483?
10
Calculate the remainder when 1759037 is divided by 102.
47
Calculate the remainder when 692682 is divided by 2199.
2196
What is the remainder when 209280 is divided by 69319?
1323
What is the remainder when 4836684 is divided by 328?
324
What is the remainder when 80053794 is divided by 8061?
3
Calculate the remainder when 29415982 is divided by 188.
186
Calculate the remainder when 5402 is divided by 1108.
970
Calculate the remainder when 145608841 is divided by 18201105.
1
Calculate the remainder when 677992 is divided by 2849.
2779
Calculate the remainder when 7534845 is divided by 2956.
1
Calculate the remainder when 147610 is divided by 331.
315
Calculate the remainder when 7334483 is divided by 615.
608
Calculate the remainder when 1316496 is divided by 257.
142
What is the remainder when 27940511 is divided by 13970247?
17
What is the remainder when 731121 is divided by 365116?
889
What is the remainder when 19524 is divided by 14667?
4857
Calculate the remainder when 204803 is divided by 3143.
508
What is the remainder when 12004556 is divided by 75?
56
Calculate the remainder when 33939 is divided by 1968.
483
Calculate the remainder when 14575663 is divided by 7287708.
247
Calculate the remainder when 458683 is divided by 29.
19
What is the remainder when 147820 is divided by 48769?
1513
Calculate the remainder when 294792 is divided by 58681.
1387
What is the remainder when 63164 is divided by 813?
563
What is the remainder when 701707 is divided by 176?
171
Calculate the remainder when 20429 is divided by 533.
175
What is the remainder when 6874970 is divided by 140305?
25
Calculate the remainder when 51754 is divided by 7280.
794
Calculate the remainder when 1709479 is divided by 170936.
119
What is the remainder when 43855 is divided by 2360?
1375
Calculate the remainder when 1970769 is divided by 656912.
33
What is the remainder when 17108985 is divided by 134?
133
What is the remainder when 67310 is divided by 487?
104
Calculate the remainder when 106396378 is divided by 11821819.
7
What is the remainder when 1877152 is divided by 1116?
40
Calculate the remainder when 3355685 is divided by 2646.
557
What is the remainder when 3584652 is divided by 298718?
36
What is the remainder when 232663 is divided by 2102?
1443
Calculate the remainder when 77151 is divided by 1082.
329
Calculate the remainder when 12085 is divided by 6375.
5710
Calculate the remainder when 1512271 is divided by 189033.
7
Calculate the remainder when 1013169 is divided by 1013155.
14
What is the remainder when 2071967 is divided by 218?
95
What is the remainder when 244535 is divided by 361?
138
What is the remainder when 93424 is divided by 1675?
1299
What is the remainder when 837401 is divided by 34873?
449
What is the remainder when 456453 is divided by 556?
533
Calculate the remainder when 3335695 is divided by 10938.
10543
What is the remainder when 321083 is divided by 319825?
1258
Calculate the remainder when 110366229 is divided by 3342.
21
Calculate the remainder when 12252 is divided by 375.
252
What is the remainder when 191797 is divided by 2487?
298
Calculate the remainder when 58967962 is divided by 6551992.
34
Calculate the remainder when 314724477 is divided by 78681119.
1
What is the remainder when 190932 is divided by 27129?
1029
Calculate the remainder when 49820 is divided by 7095.
155
What is the remainder when 5377267 is divided by 2461?
2443
Calculate the remainder when 21256970 is divided by 44.
42
What is the remainder when 662880 is divided by 313?
259
What is the remainder when 230015369 is divided by 1659?
1655
What is the remainder when 101773 is divided by 5977?
164
What is the remainder when 69429 is divided by 1277?
471
Calculate the remainder when 17477 is divided by 3324.
857
Calculate the remainder when 957244 is divided by 159519.
130
What is the remainder when 108554623 is divided by 4663?
4646
Calculate the remainder when 276793 is divided by 276648.
145
Calculate the remainder when 630610 is divided by 82.
30
What is the remainder when 1346408 is divided by 1860?
1628
What is the remainder when 1137820 is divided by 227564?
0
Calculate the remainder when 3189408 is divided by 174.
162
Calculate the remainder when 319443 is divided by 15.
3
Calculate the remainder when 449616 is divided by 965.
891
Calculate the remainder when 1102962 is divided by 13281.
639
What is the remainder when 77703 is divided by 9663?
399
What is the remainder when 373003 is divided by 17761?
22
What is the remainder when 2134024 is divided by 8891?
184
Calculate the remainder when 5823674 is divided by 727952.
58
What is the remainder when 15088006 is divided by 25273?
25
Calculate the remainder when 610738 is divided by 2375.
363
Calculate the remainder when 3397611 is divided by 308853.
228
Calculate the remainder when 44551 is divided by 10784.
1415
Calculate the remainder when 545788 is divided by 27.
10
Calculate the remainder when 2164467613 is divided by 1502.
1501
Calculate the remainder when 5600681 is divided by 62228.
161
Calculate the remainder when 36876 is divided by 12228.
192
What is the remainder when 60932 is divided by 2820?
1712
What is the remainder when 1004865 is divided by 6358?
301
Calculate the remainder when 28499287 is divided by 280.
47
Calculate the remainder when 1108646 is divided by 100772.
154
Calculate the remainder when 130752 is divided by 10888.
96
Calculate the remainder when 1824399 is divided by 46779.
18
Calculate the remainder when 146505 is divided by 70900.
4705
What is the remainder when 1185201502 is divided by 5448?
5446
What is the remainder when 860256 is divide